-4120. What is the tens digit of n?
9
Let v be (105/(-119) - 2/17)*-2. Suppose 2996 = v*j + 2*n, 3*j + 3*n = 5*j - 3016. What is the units digit of j?
2
Suppose -274893 = -203*f - 66818. What is the hundreds digit of f?
0
Suppose -3*f = -2*z + 587, z + 193 = 4*f + 979. Let d = -123 - f. What is the tens digit of d?
7
Let d = -53 + -251. Let o = -135 - d. Suppose 6*u + 4*s + 356 = 10*u, -s = 2*u - o. What is the tens digit of u?
8
Let a = 230220 + -161249. What is the tens digit of a?
7
Suppose -75*q - 11315 = -z - 71*q, -2*q - 45260 = -4*z. What is the ten thousands digit of z?
1
Let k(c) = c. Let f(n) = -57*n - 5. Let w(t) = f(t) - k(t). Suppose 3*j = 8*j + 10. What is the hundreds digit of w(j)?
1
Suppose 3*m - 4368 = 4*k, 4*m = -4*k + 9*k + 5459. Let l = -1969 - k. What is the tens digit of ((-6)/(-2))/((-57)/l)?
4
What is the units digit of (950018/97)/(0 - -2)?
7
Suppose -49*t + 620665 + 246145 = 0. What is the units digit of t?
0
Let h be (-2)/3 + -4*22/(-24). Suppose 0 = 14*q + h*q - 4063. What is the hundreds digit of q?
2
Let m(v) = 4*v**2 + 23*v + 12. Let g be m(-5). Let k(c) = -52*c + 14. What is the tens digit of k(g)?
7
Suppose -12*p - 13 - 11 = 0. Let o(n) = 2 - 5*n**2 + 5*n**2 + 12*n**2 + 6*n. What is the tens digit of o(p)?
3
Suppose 13 + 2 = 5*v, 3*s - 7479 = -v. Suppose 27*c = s - 953. What is the units digit of c?
7
Let d(p) be the second derivative of -3*p**5/20 - 5*p**4/12 + p**3/6 - p**2/2 + 13*p. Let j be d(-5). Let u = j + -64. What is the units digit of u?
0
Suppose -11*p + 56 = -7*p. What is the hundreds digit of 21/6*2056/p?
5
Let h(r) = -r**3 + 7*r**2 - 12*r + 8. Let s be h(5). What is the units digit of ((-1011)/s)/(136/(-16) + 9)?
1
Suppose -26 = x + 25. Let h = x - -58. Let t(n) = 19*n - 13. What is the hundreds digit of t(h)?
1
Suppose 2*x - 10*k - 14524 = -14*k, -4*k + 29028 = 4*x. What is the thousands digit of x?
7
Let g(z) be the first derivative of 4*z**4 - 5*z**3/3 - z**2/2 + 15*z - 171. What is the hundreds digit of g(4)?
9
Let p(y) = 5*y**2 + 56*y - 9. Let o be p(-25). Let b = -1025 + o. What is the units digit of b?
1
Let l be (1 - 2)*(-162 - (-6 + 8)). Suppose l = 6*t + 44. What is the tens digit of (-10)/t - (-237)/2?
1
Suppose -59*b + 68*b = 1485. Let l = b - -358. What is the units digit of l?
3
Let z = -758 - -764. Suppose 3319 = z*u - 3539. What is the units digit of u?
3
Let f(w) be the second derivative of 0 - 14*w**2 - 13/6*w**3 + 12*w - 1/12*w**4. What is the units digit of f(-10)?
2
What is the tens digit of 230065/141*(1 + 2)?
9
Suppose -a + 0*m = -5*m + 23, 4*m = -3*a + 26. Let v be a/(8/12) + 3. Suppose 4*n = -5*j + 1081, v*j - 222 = 5*j + 5*n. What is the units digit of j?
7
Suppose -8*u = -6 - 2. Suppose p + u - 9 = 0. Let q(m) = m - 4. What is the units digit of q(p)?
4
Let l(m) = -2*m**2 + 19*m - 33. Let d be l(7). Suppose 3*r = 3*v - d*v + 1725, 0 = -4*r - 3*v + 2313. What is the units digit of r?
6
Suppose j + 1 = -2*d - 90, 2*d - 2*j + 76 = 0. Let n be (d + -1)*(8 - 1 - 5). Let y = 261 + n. What is the hundreds digit of y?
1
Let q(m) = m**2 - 23*m + 121. Let f be q(13). Let i(w) = -w**3 - 6*w**2 - 6*w - 11. What is the units digit of i(f)?
6
Let u(o) = 97*o - 12. Let n be u(2). Let b = n + -36. What is the hundreds digit of b?
1
Suppose 8*o - 17*o + 27 = 0. Suppose 2*p = 5*x - 2*p - 247, -o*p + 6 = 0. What is the tens digit of x?
5
Suppose 2*s - 4*t + 9*t = 91, 3*t - 141 = -3*s. Let x be s/(-60) + (-6)/5. Let f(u) = 17*u**2 + 2*u + 1. What is the units digit of f(x)?
5
Suppose 29 - 9 = 5*r. Suppose -r - 8 = -6*m. Suppose 0 = 7*h + m*h - 540. What is the tens digit of h?
6
Suppose 3*h - 2885 = -2*b, -5*b + 7*b - 5*h = 2909. Suppose 4*m - b = 3*q, m - 214 = -4*q + 143. What is the units digit of m?
1
Let y(k) = 15*k**2 + 23*k - 14. What is the thousands digit of y(59)?
3
Suppose 58*t - 810160 = -11*t - 11*t. What is the ten thousands digit of t?
1
Let z be 25*4 - (1 + 2 + -4). Let c = -101 + z. Suppose c = 2*i - 128 - 42. What is the tens digit of i?
8
Suppose 4*o + 0*o = 0. Suppose 0*u + 638 = u + 4*l, o = -2*u + 4*l + 1228. What is the units digit of u?
2
Let v(z) = 2*z**2 + 8*z - 11. Let q be v(3). Let a(o) = o**3 - 29*o**2 - 37*o + 65. What is the units digit of a(q)?
0
Let y(m) = -m**3 - 13*m**2 - 33*m - 8. Let w = -28 + 18. Let h be y(w). Let t = 36 - h. What is the tens digit of t?
1
Let v(q) = 17*q - 124. Let c be v(8). Let z(u) = u**3 - 12*u - 22. What is the hundreds digit of z(c)?
5
Let t(q) = -q**3 + 5*q**2 + 19*q - 30. Let x be t(7). Suppose x*u - y + 5*y = 6196, 4*y + 4964 = 4*u. What is the thousands digit of u?
1
Suppose -7*t = -2*t - 105. Let q be -27*(54/(-42) - (-6)/t). Suppose 2*u - 21 = q. What is the units digit of u?
4
Let o = -1476 - -2574. Suppose 4*v = o - 162. What is the units digit of v?
4
Let j = 2296 + 13882. What is the ten thousands digit of j?
1
Let p be (0 - 0) + -1 + 0 + 11. Suppose p*d = 9*d + 3. Let y(o) = 3*o**3 + 4*o**2 - 5*o + 3. What is the units digit of y(d)?
5
Let i be (-7)/(6 + 15) + 7/3. Suppose -59 + 9 = -i*o. Suppose -o - 89 = -6*j. What is the tens digit of j?
1
Let d(k) = k**2 - 13*k - 2. What is the hundreds digit of d(22)?
1
Let s = -9099 - -14612. What is the units digit of s?
3
Let j(u) = 478*u**2 + 94*u + 511. What is the thousands digit of j(-6)?
7
Let w(s) = -s**3 + 36*s**2 + 64*s - 56. Let k = -597 + 634. What is the hundreds digit of w(k)?
9
Let q(u) = u**2 - 4*u - 6. Let n be q(-1). What is the tens digit of 2 + 6 + (-176)/n?
8
What is the ten thousands digit of -2*(-225062)/6 - (-100)/300?
7
Suppose -14*l + 403212 + 632466 = 0. What is the ten thousands digit of l?
7
Let m(s) = -9*s + 16. Let t be m(2). Let u be 3*(t - (-20)/15). Let p(r) = -36*r - 11. What is the units digit of p(u)?
1
Suppose 0 = 4*f + 3*m - 30, -3*m = -f - 0*m + 15. Let y(a) = 7*a**2 - 5*a + 5. What is the units digit of y(f)?
7
Let p(n) = -11*n + 47. Let k be p(10). What is the tens digit of (-2937)/(-6) + (k/(-14))/9?
9
Let a(n) = 37*n + 90. Let p be a(-6). Let g = 385 + p. What is the units digit of g?
3
Let b(r) = -1914*r**3 + r**2 - r - 1. Let s be b(-1). Let g = -925 + s. What is the tens digit of g?
9
Let r = 15172 + -5224. What is the hundreds digit of r?
9
Let t(h) = 10*h**2 + 26*h - 2. Let b be t(-5). Let v = 215 - b. What is the tens digit of v?
9
Let b(r) = -31*r - 29. Let m be b(9). What is the units digit of 2/(-2) + 8/2 - m?
1
Let o = 1246 + 8036. What is the hundreds digit of o?
2
Let x(w) = w**2 - 8*w - 18. Let r be x(10). Suppose l + 2*m + 4 = r*l, -3*m = 3*l - 3. What is the tens digit of 0 - 3 - (-93 + l)?
8
Suppose -2*x - 2 + 0 = 0. Let p be -286 - (x/4 - (-12)/(-16)). Let r = -194 - p. What is the units digit of r?
1
Let h be 1556/26 - (-14)/91. Let b be -1 + -1 + h/(-3). Let j = 80 + b. What is the tens digit of j?
5
Let r(o) be the third derivative of -o**6/30 + 7*o**5/60 + 5*o**4/24 - 8*o**3/3 - 13*o**2 + 1. What is the tens digit of r(-6)?
7
Let x = -6662 + 23890. What is the ten thousands digit of x?
1
Suppose -940*b = -947*b + 25627. What is the thousands digit of b?
3
Suppose -16695 = -5*u + 5*f, -2*u = -5*f - 5973 - 696. What is the tens digit of u?
4
Let y = 18298 - 10360. What is the tens digit of y?
3
Let n(k) = 25608*k + 2080. What is the tens digit of n(2)?
9
What is the thousands digit of (-4)/6 + 31/((-372)/(-891668))?
4
Suppose -3*h + 2*r = -70, -4*h + 5*r + 120 = h. Let v = 56 + h. What is the tens digit of v?
7
Let o be (165/(-22) + 1)/((-2)/(-244)). Let u = 1273 + o. What is the units digit of u?
0
Let v(m) = m**3 - 4*m - 3. Let z be v(-3). Let g(d) = -d**3 - 7*d**2 - 14*d - 5. Let r be g(-3). What is the tens digit of r - (-403)/9 - 4/z?
4
Let c(l) = -l**2 - 5*l - 2. Let r be c(-10). Let p be 5/(80/r)*-12. Suppose p = 4*h - 57. What is the units digit of h?
4
Suppose -758 = 2*q - 5018. What is the thousands digit of q?
2
Let y(j) = -4395*j - 1355. What is the hundreds digit of y(-7)?
4
Let a(h) be the second derivative of -61*h**3/6 - 25*h**2 + 61*h. What is the units digit of a(-5)?
5
Let m = 65 - 63. Suppose 0 = -m*y - 6 + 14. Suppose 295 = 3*z - v, y*z - 5*v - 288 - 98 = 0. What is the units digit of z?
9
What is the thousands digit of 27/18 + (-131186)/(-4)?
2
Suppose -z - 2*z + r + 1 = 0, 0 = -r - 1. Su